 v(6)?
8
Let v be (1/(-2))/(39/(-702)). Let a(t) = -t + 5. What is a(v)?
-4
Let j(l) = -l**3 + 6*l**2 - 6*l + 1. Let z(x) = -x - 11. Suppose -3*t - 3*k = 2*k + 27, 2*k = -2*t - 18. Let p be z(t). Let s be (2*-1)/(p/4). Give j(s).
9
Let s(m) be the second derivative of m**7/420 - m**6/72 + m**5/40 + m**4/12 - 13*m**3/3 + 27*m. Let x(r) be the second derivative of s(r). What is x(3)?
20
Let s(u) = u**3 + 3*u**2 - 3*u + 6. Let n be s(-4). Let l be n/(-4) + (-226)/4. Let b be ((-4)/(-6))/(38/l). Let z(k) = 9*k**3 + k**2 + 2*k + 1. Give z(b).
-9
Suppose -8*a + 87 = -1641. Let c(f) = -2*f + f + a - 226. Suppose 3 = -5*d - 27. What is c(d)?
-4
Let f(w) be the third derivative of -w**4/12 + 5*w**3/3 - 87*w**2. Determine f(8).
-6
Let a(c) be the first derivative of 2*c**3/3 + 2*c**2 - c - 133. What is a(-3)?
5
Let h(z) = 10*z - 11. Let w(f) = 4*f - 4. Let g(m) = -2*h(m) + 7*w(m). Give g(5).
34
Let o(p) = 35*p**2 - 9*p + 1. Let h(s) = 4*s**2 - s. Let a(i) = 18*h(i) - 2*o(i). Determine a(0).
-2
Let f(b) = 1 + 10 - b - 30 + 8. What is f(-5)?
-6
Let c(y) = -4*y**2 - y + 4. Let x(v) = -v**2 - 2. Let n(h) = c(h) + 2*x(h). Give n(1).
-7
Suppose 0 = -3*n + 6*n - 18. Let q be 4/n*(-9)/(-2). Let u(b) = 2*b**2 - 4*b. Give u(q).
6
Let l = -48 - -29. Let y = -20 - l. Let d(c) = -1 + 5*c**2 + 1. Give d(y).
5
Let v(k) = 14*k - 12. Let s(p) = -29*p + 29. Let l(y) = -2*s(y) - 5*v(y). Calculate l(-2).
26
Let x(y) = 7*y**2. Let s(f) = -5*f + 21. Suppose 0*j - 36 = -9*j. Let a be s(j). What is x(a)?
7
Let q(w) = 3*w - 2. Suppose -2*g - 25 = -5*f, 4*f + 0*g + 2*g - 20 = 0. Let y = -7 + f. Determine q(y).
-8
Suppose -12*f + 171 + 9 = 0. Let t(c) = -c**3 + 16*c**2 - 13*c - 27. Calculate t(f).
3
Let h = 237 - 237. Let j(z) = -z**2 + 12. Give j(h).
12
Let c(z) = -z**3 + 5*z**2 + 7*z - 3. Let o be c(6). Suppose 2*g - o*g = -5. Let t(v) = 2*v - 4. What is t(g)?
6
Let s(k) = k**2 + 4*k - 3. Let v be s(2). Let i(t) = -4 + 2 - t**3 - v*t**2 - 5 - 9*t - 3. Give i(-8).
-2
Let b(c) = -2*c + 9. Let n(s) = -s + 8. Let j be ((-8)/(-6) - 2)*-6. Let g = 2 + -5. Let m(h) = g*b(h) + j*n(h). Give m(-4).
-3
Suppose 5*v - 14 = v - 3*i, 2*v - 4*i = -4. Suppose 2 = -a, 18 = v*n - 6*a + 2*a. Let j(u) = u**2 + u - 5. Determine j(n).
25
Let x = -2 + 1. Suppose -z - z - k + 149 = 0, -3*z - k + 223 = 0. Let i(h) = 2 - 1 + z*h - 72*h. Calculate i(x).
-1
Let m(b) = b**3 - b**2 - 5*b + 12. Let v(n) = 2*n**3 - 2*n**2 - 11*n + 25. Let c(y) = -7*m(y) + 3*v(y). Calculate c(0).
-9
Let u be (-2 + (-3)/(12/52))/(-1). Let j(d) = 2*d - u + 24 - 3*d. Determine j(9).
0
Let j(x) be the third derivative of x**6/120 - 2*x**5/15 + 5*x**4/24 + 13*x**3/6 - 23*x**2 - 10. Calculate j(7).
-1
Let m(x) = 138*x - 8*x**3 + 3 - 6*x**3 + 13*x**3 - 139*x. Determine m(0).
3
Suppose 3*g + 0*g = 2*g. Let z(n) = 5 + g - 1914*n + 1913*n. What is z(3)?
2
Let x = -137 - -135. Let p(z) = z**3 - z. Calculate p(x).
-6
Let z(o) = 16 + 7*o + 2*o + 5*o - 15*o. Give z(9).
7
Let c(o) = -5*o**3 + 3*o**2 - 2*o - 1. Let b be c(2). Let u be (-8)/44 + (-72)/b. Let s(p) = -u + p - 3*p**3 + 2*p - 4*p**2 + 4*p**3. Calculate s(3).
-2
Suppose -3*n + 18 = 3*u, -4*n - u + 8 = -1. Suppose 2*d - d - 3*g - 18 = 0, -5*g = 25. Let k(s) = 3*s**2 - s**2 + s**3 - 1 - 4*s**d. Give k(n).
-2
Let m be (5/(15/(-2)))/((-12)/(-126)). Let h(v) = v**2 + 5*v - 8. Let y be h(m). Let o(g) = -g**2 + 6*g + 8. Give o(y).
8
Let p(u) = -4*u**2 + 4 + 7*u - u**2 + 3*u**2 - 4*u. Give p(-3).
-23
Suppose 0*n = -n + 5. Suppose 2*i = -4*l + 18, 4*l - 45 = -n*i + 6*l. Let c be (i/(-6))/((-2)/4). Let r(z) = -2*z**2 + 3*z + 2. Give r(c).
-7
Let w(y) be the first derivative of -y**6/120 - y**5/30 + 5*y**4/24 - y**3/2 + 15*y**2 - 39. Let x(c) be the second derivative of w(c). What is x(-4)?
9
Let j be -2*((-99)/(-2))/9. Let t(x) = x - 21. Let c be t(j). Let f = 31 + c. Let k(s) = 4*s**2 - s - 1. What is k(f)?
4
Let l(s) be the second derivative of s**5/20 + s**4/2 + s**3/6 - 5*s**2/2 + 88*s. Determine l(-6).
-11
Let l(u) be the third derivative of -u**5/30 - 7*u**4/24 + 2262*u**2 - 2. Let q(b) = -b**3 - 3*b**2 + 2*b. Let o be q(-3). Determine l(o).
-30
Let j(b) be the second derivative of b**4/12 + b**3/2 + 2*b**2 + 2*b + 67. Calculate j(-5).
14
Let c(t) = -t**3 - 4*t**2 - 3*t. Let o(x) = x**2 + 3*x - 7. Let n be o(-3). Let k be 0/n*(-2)/(-4). Let i(p) = -p**3 + p - 2. Let q be i(k). What is c(q)?
-2
Let a(t) = -t**3 - 5*t**2 - t - 3. Let r(c) = 2*c + 22. Let z = -7 + 7. Let i be r(z). Let g = 17 - i. Calculate a(g).
2
Let m be (-2)/2 + -4*1. Let s(z) = z**2 + 5*z + 3. Let c(r) = -2*r**2 - 9*r - 5. Let o be (2/(-6))/((-6)/(-36)). Let j(t) = m*s(t) + o*c(t). Calculate j(-4).
7
Let i(j) = -2*j + 1. Suppose -k + n = -2*n + 3, 4*n = 4*k - 12. What is i(k)?
-11
Let a(i) = -i**3 - i + 6 - 2*i**2 - 3*i**2 + i**2 + 6*i. Suppose -5*z = 180 - 155. Give a(z).
6
Let z(o) = -o**2 + 23*o + 6161 + 6*o - 6067. Calculate z(32).
-2
Let r = 4 - 6. Let p(j) = 3*j. Let t(q) = 4*q + 2. Let v(o) = p(o) + t(o). Calculate v(r).
-12
Let w(h) = h**2 + 1. Let n(i) = -4*i**2 + 6*i - 14. Let a(y) = n(y) + 5*w(y). Let u(z) be the first derivative of a(z). Calculate u(-6).
-6
Suppose 4*p = -18*p - 110. Let n(h) = -h**2 - 8*h + 6. Give n(p).
21
Let h(r) = 3*r**2 - 4*r + 1. Suppose -17 = -5*s + 3*w + w, 3*w = 3*s - 12. Let i(y) = -y**2 + y. Let m(o) = s*h(o) + 5*i(o). What is m(-1)?
-2
Suppose -4*s + 3*t = -s, 2*s + 4*t + 6 = 0. Let p(k) = k - 2. Let i be p(s). Let n(f) = 2*f. What is n(i)?
-6
Let d(a) be the third derivative of 22*a**2 + 0 + 0*a - 1/24*a**4 + 5/3*a**3. What is d(0)?
10
Let a(b) = 4*b + 6. Let k(u) = -7*u - 10. Let r(s) = 5*a(s) + 3*k(s). Let f(o) = o**2 - 6*o - 11. Let t be f(8). Determine r(t).
-5
Let y = -18 - -18. Let s = y + 2. Suppose o + 3 = s. Let j(a) = a**2 + 1. Give j(o).
2
Let f be 91/26*(-1)/7*-26. Let r(x) = -x**3 + 13*x**2 + x - 3. What is r(f)?
10
Let v(k) = -k**2 - k - 4. Let h = -77 - -73. Determine v(h).
-16
Let y(x) = -x**2 + 2*x - 7. Let b(l) = -3*l**2 + 4*l - 21. Let h(g) = 2*b(g) - 7*y(g). What is h(5)?
2
Let x be (-21)/1008*(1/(-1) - 1). Let v(b) be the third derivative of 10*b**2 + 0 - x*b**4 + 2/3*b**3 + 0*b. Give v(0).
4
Let j(q) = q - 6. Let a be 3/((63/6)/7). Let s be a + (1 - (-6 - -1)). Let v = -8 + s. Determine j(v).
-6
Let s be (6/(-9))/(-2) - 142/(-6). Let p(k) = -5 + 25*k**2 - s*k**2 + 8*k + 3. Determine p(-9).
7
Let j(h) = h**3 - 6*h**2 + 3*h - 7. Suppose 2*n - 12 = 10. Let z be (-3)/2*70/(-21). Let i = n - z. Determine j(i).
11
Let w(x) = -2 - 2 + 28956*x - 28954*x. Suppose 0 = 3*v - 15 + 6. Calculate w(v).
2
Let y(n) = n**2 + 4*n - 2. Suppose -7*u + 520 = -3*u. Let t = -137 + u. Calculate y(t).
19
Suppose -4*s + 3*v + 18 - 2 = 0, s + 5*v = -19. Let r(k) = 26*k + 1. Determine r(s).
27
Suppose 22 = 37*v - 126. Let o(d) = -d**3 + 4*d**2 - 2*d - 4. Determine o(v).
-12
Suppose 4*r - 6 + 2 = 0. Let s(g) = -53*g + 46*g - 1 - r. Calculate s(-2).
12
Let l(x) = -46*x**3 + 6*x**2 + 18. Let b(y) = -41*y**3 + 6*y**2 + y + 17. Let d(s) = -9*b(s) + 8*l(s). Determine d(7).
-23
Let r(h) = -h**3 - 8*h**2 - 7*h - 6. Let k(d) = -d**2 - 5*d + 9. Let s be k(2). What is r(s)?
-46
Let q = 106 - 109. Let v(w) = -w**2 - 6*w - 3. Calculate v(q).
6
Let t(w) = -8*w + 56. Let r be t(7). Let f(h) be the third derivative of 0*h + 10*h**2 + r*h**3 + 1/24*h**4 + 1/60*h**5 + 0. Determine f(-2).
2
Let z(p) be the second derivative of -11*p**7/2520 - p**6/360 - p**5/120 + 3*p**4/4 - 3*p. Let f(u) be the third derivative of z(u). Determine f(-1).
-10
Let j = 59 - 42. Let h(i) = -j*i + 27*i - 10*i - i**2. Suppose 2*s - 1 = -7. What is h(s)?
-9
Suppose -2*v + 4*v = 6. Let t = 151 - 149. Let p(c) = 127 - c + t*c + 2*c - 130. Determine p(v).
6
Let y(c) = -12*c**2 - c. Let z = -162 + 161. Determine y(z).
-11
Let w = 38 + -32. Let n(v) = w*v + 2*v - 2 - 10*v. Let a be ((-6)/(-8))/((-3)/12). Calculate n(a).
4
Let a = -1392 - -1387. Let z(p) = -p**3 - 6*p**2 - 7*p - 3. Calculate z(a).
7
Let x(b) = 5*b**2 - 9*b - 17*b**2 + 16*b - 18 - 5*b + b**3. Give x(12).
6
Let l(q) be the second derivative of -q**3/6 + 15*q**2/2 + 3*q. Let s be l(11). Suppose -2 = s*x + 18. Let z(i) = -i**2 - 5*i + 6. Calculate z(x).
6
Let m(n) = -11*n. Let g(y) = -13*y - 1. Let f(t) = -6*g(t) + 7*m(t). Let i(v) = -2*v - 2*v - 13 - 11. Let q(o